 of 157.
157
List the prime factors of 3684.
2, 3, 307
What are the prime factors of 226?
2, 113
What are the prime factors of 2242?
2, 19, 59
What are the prime factors of 6027?
3, 7, 41
What are the prime factors of 1178?
2, 19, 31
List the prime factors of 778.
2, 389
What are the prime factors of 9171?
3, 1019
What are the prime factors of 46451?
46451
What are the prime factors of 62058?
2, 3, 10343
List the prime factors of 18758.
2, 83, 113
List the prime factors of 2695.
5, 7, 11
What are the prime factors of 3573?
3, 397
What are the prime factors of 4395?
3, 5, 293
What are the prime factors of 83891?
83891
List the prime factors of 1681.
41
What are the prime factors of 2492?
2, 7, 89
List the prime factors of 42388.
2, 10597
List the prime factors of 1621.
1621
List the prime factors of 16883.
16883
What are the prime factors of 88885?
5, 29, 613
List the prime factors of 381.
3, 127
List the prime factors of 56423.
17, 3319
What are the prime factors of 3939?
3, 13, 101
What are the prime factors of 20288?
2, 317
What are the prime factors of 60?
2, 3, 5
What are the prime factors of 259?
7, 37
What are the prime factors of 63390?
2, 3, 5, 2113
List the prime factors of 3258.
2, 3, 181
What are the prime factors of 2004?
2, 3, 167
What are the prime factors of 51677?
31, 1667
List the prime factors of 725.
5, 29
List the prime factors of 854.
2, 7, 61
List the prime factors of 46700.
2, 5, 467
What are the prime factors of 2018?
2, 1009
List the prime factors of 9479.
9479
What are the prime factors of 4?
2
What are the prime factors of 13006?
2, 7, 929
What are the prime factors of 2834?
2, 13, 109
List the prime factors of 360.
2, 3, 5
List the prime factors of 2105.
5, 421
List the prime factors of 3474.
2, 3, 193
What are the prime factors of 48150?
2, 3, 5, 107
What are the prime factors of 66543?
3, 41, 541
List the prime factors of 25750.
2, 5, 103
List the prime factors of 43269.
3, 14423
What are the prime factors of 73654?
2, 7, 5261
What are the prime factors of 1291?
1291
What are the prime factors of 2037?
3, 7, 97
What are the prime factors of 48620?
2, 5, 11, 13, 17
List the prime factors of 5595.
3, 5, 373
List the prime factors of 2513.
7, 359
What are the prime factors of 4943?
4943
What are the prime factors of 73?
73
What are the prime factors of 1340?
2, 5, 67
List the prime factors of 5208.
2, 3, 7, 31
List the prime factors of 5053.
31, 163
List the prime factors of 36013.
36013
List the prime factors of 1700.
2, 5, 17
What are the prime factors of 22751?
22751
List the prime factors of 961.
31
List the prime factors of 664.
2, 83
What are the prime factors of 469?
7, 67
What are the prime factors of 74394?
2, 3, 4133
List the prime factors of 119661.
3, 39887
List the prime factors of 6956.
2, 37, 47
List the prime factors of 301.
7, 43
List the prime factors of 1350.
2, 3, 5
What are the prime factors of 47?
47
List the prime factors of 17366.
2, 19, 457
List the prime factors of 872.
2, 109
What are the prime factors of 3370?
2, 5, 337
List the prime factors of 6150.
2, 3, 5, 41
What are the prime factors of 3994?
2, 1997
What are the prime factors of 5456?
2, 11, 31
List the prime factors of 10081.
17, 593
List the prime factors of 7198.
2, 59, 61
List the prime factors of 13685.
5, 7, 17, 23
List the prime factors of 118.
2, 59
What are the prime factors of 297?
3, 11
List the prime factors of 9586.
2, 4793
List the prime factors of 697.
17, 41
What are the prime factors of 14549?
14549
List the prime factors of 13411.
13411
List the prime factors of 60673.
17, 43, 83
List the prime factors of 7398.
2, 3, 137
What are the prime factors of 2512?
2, 157
What are the prime factors of 29067?
3, 9689
What are the prime factors of 13722?
2, 3, 2287
List the prime factors of 7584.
2, 3, 79
List the prime factors of 81128.
2, 10141
List the prime factors of 3672.
2, 3, 17
What are the prime factors of 58743?
3, 61, 107
List the prime factors of 248.
2, 31
What are the prime factors of 85180?
2, 5, 4259
What are the prime factors of 78559?
13, 6043
List the prime factors of 566.
2, 283
What are the prime factors of 5609?
71, 79
What are the prime factors of 2820?
2, 3, 5, 47
What are the prime factors of 6317?
6317
List the prime factors of 1271.
31, 41
List the prime factors of 1704.
2, 3, 71
List the prime factors of 2918.
2, 1459
List the prime factors of 23008.
2, 719
List the prime factors of 90644.
2, 17, 31, 43
What are the prime factors of 2578?
2, 1289
List the prime factors of 79244.
2, 11, 1801
List the prime factors of 633.
3, 211
What are the prime factors of 544?
2, 17
What are the prime factors of 9954?
2, 3, 7, 79
What are the prime factors of 26732?
2, 41, 163
List the prime factors of 2352.
2, 3, 7
What are the prime factors of 33222?
2, 3, 7, 113
List the prime factors of 22279.
22279
List the prime factors of 10009.
10009
What are the prime factors of 2571?
3, 857
What are the prime factors of 21765?
3, 5, 1451
List the prime factors of 584.
2, 73
List the prime factors of 20957.
19, 1103
List the prime factors of 4975.
5, 199
What are the prime factors of 50138?
2, 11, 43, 53
What are the prime factors of 5505?
3, 5, 367
What are the prime factors of 9233?
7, 1319
List the prime factors of 50.
2, 5
What are the prime factors of 1856?
2, 29
List the prime factors of 11133.
3, 1237
What are the prime factors of 108724?
2, 7, 11, 353
List the prime factors of 363.
3, 11
List the prime factors of 2532.
2, 3, 211
List the prime factors of 1506.
2, 3, 251
What are the prime factors of 8209?
8209
What are the prime factors of 28225?
5, 1129
What are the prime factors of 3849?
3, 1283
What are the prime factors of 10026?
2, 3, 557
List the prime factors of 535.
5, 107
List the prime factors of 1132.
2, 283
What are the prime factors of 6932?
2, 1733
What are the prime factors of 88409?
211, 419
List the prime factors of 151583.
29, 5227
What are the prime factors of 40382?
2, 61, 331
List the prime factors of 9618.
2, 3, 7, 229
List the prime factors of 46574.
2, 11, 29, 73
List the prime factors of 34489.
7, 13, 379
What are the prime factors of 3786?
2, 3, 631
List the prime factors of 2724.
2, 3, 227
What are the prime factors of 846?
2, 3, 47
List the prime factors of 1224.
2, 3, 17
List the prime factors of 2320.
2, 5, 29
List the prime factors of 34170.
2, 3, 5, 17, 67
What are the prime factors of 10972?
2, 13, 211
What are the prime factors of 103295?
5, 73, 283
What are the prime factors of 971?
971
List the prime factors of 6342.
2, 3, 7, 151
List the prime factors of 7728.
2, 3, 7, 23
What are the prime factors of 284?
2, 71
What are the prime factors of 24537?
3, 8179
List the prime factors of 9658.
2, 11, 439
What are the prime factors of 806?
2, 13, 31
What are the prime factors of 428?
2, 107
List the prime factors of 38645.
5, 59, 131
List the prime factors of 22439.
19, 1181
What are the prime factors of 15794?
2, 53, 149
List the prime factors of 59276.
2, 7, 29, 73
List the prime factors of 22253.
7, 11, 17
List the prime factors of 29623.
11, 2693
List the prime factors of 1156.
2, 17
List the prime factors of 18823.
7, 2689
What are the prime factors of 4352?
2, 17
List the prime factors of 656.
2, 41
What are the prime factors of 9030?
2, 3, 5, 7, 43
List the prime factors of 666.
2, 3, 37
What are the prime factors of 10571?
11, 31
List the prime factors of 71293.
71293
What are the prime factors of 39119?
39119
List the prime factors of 1424.
2, 89
List the prime factors of 85537.
23, 3719
What are the prime factors of 31960?
2, 5, 17, 47
What are the prime factors of 8372?
2, 7, 13, 23
What are the prime factors of 5266?
2, 2633
What are the prime factors of 16731?
3, 11, 13
List the prime factors of 2829.
3, 23, 41
What are the prime factors of 579?
3, 193
What are the prime factors of 13998?
2, 3, 2333
List the prime factors of 50243.
47, 1069
List the prime factors of 332.
2, 83
What are the prime factors of 5335?
5, 11, 97
List the prime factors of 3904.
2, 61
List the prime factors of 1229.
1229
What are the prime factors of 1518?
2, 3, 11, 23
List the prime factors of 41732.
2, 10433
List the prime factors of 159.
3, 53
List the prime factors of 3010.
2, 5, 7, 43
